-- https://www.phpmyadmin.net/
--
-- Máy chủ: 127.0.0.1:3306
-- Thời gian đã tạo: Th4 18, 2023 lúc 09:21 AM
-- Phiên bản máy phục vụ: 10.5.16-MariaDB-cll-lve
-- Phiên bản PHP: 7.2.34

START TRANSACTION;



--
-- Cơ sở dữ liệu: `u198881402_movie`
--

-- --------------------------------------------------------

--
-- Cấu trúc bảng cho bảng `application`
--

CREATE TABLE `application` (
  `id` int(11) NOT NULL,
  `logo` varchar(300) DEFAULT NULL COMMENT 'editor:upload',
  `code` varchar(255) DEFAULT NULL,
  `name` varchar(255) NOT NULL,
  `description` varchar(1000) DEFAULT NULL,
  `keywords` varchar(1000) DEFAULT NULL,
  `note` varchar(3000) DEFAULT NULL,
  `storage_max` bigint(20) DEFAULT NULL COMMENT 'group:storage',
  `storage_current` bigint(20) DEFAULT NULL COMMENT 'group:storage',
  `address` varchar(255) DEFAULT NULL COMMENT 'group:contact',
  `map` varchar(255) DEFAULT NULL COMMENT 'group:contact;grid:hidden',
  `website` varchar(255) DEFAULT NULL COMMENT 'group:contact',
  `email` varchar(255) DEFAULT NULL COMMENT 'group:contact',
  `phone` varchar(255) DEFAULT NULL COMMENT 'group:contact',
  `fax` varchar(255) DEFAULT NULL COMMENT 'group:contact',
  `chat` varchar(255) DEFAULT NULL COMMENT 'group:contact',
  `facebook` varchar(255) DEFAULT NULL COMMENT 'grid:hidden;group:social',
  `twitter` varchar(255) DEFAULT NULL COMMENT 'grid:hidden;group:social',
  `google` varchar(255) DEFAULT NULL COMMENT 'grid:hidden;group:social',
  `youtube` varchar(255) DEFAULT NULL COMMENT 'grid:hidden;group:social',
  `copyright` varchar(255) DEFAULT NULL COMMENT 'grid:hidden;',
  `terms_of_service` varchar(300) DEFAULT NULL COMMENT 'editor:file;group:common',
  `profile` varchar(300) DEFAULT NULL COMMENT 'editor:file;group:common',
  `privacy_policy` varchar(300) DEFAULT NULL COMMENT 'editor:file;group:common',
  `is_active` tinyint(1) DEFAULT NULL COMMENT 'group:common',
  `type` varchar(100) DEFAULT NULL COMMENT 'data:ONEPAGE,COMPANY,ECOMMERCE,SOCIAL,MUSIC,EDUCATION',
  `status` varchar(100) DEFAULT NULL COMMENT 'data:DEMO,LIVE,CLOSED,SUSPEND',
  `page_size` int(5) DEFAULT NULL COMMENT 'group:setting',
  `main_color` varchar(255) DEFAULT NULL COMMENT 'lookup:#COLORS;group:setting;editor:input',
  `cache_enabled` tinyint(1) DEFAULT NULL,
  `currency_format` varchar(255) DEFAULT NULL COMMENT 'lookup:#CURRENCY;group:setting',
  `date_format` varchar(255) DEFAULT NULL COMMENT 'group:setting;editor:input',
  `web_theme` varchar(255) DEFAULT NULL COMMENT 'group:style',
  `admin_form_alignment` varchar(255) DEFAULT NULL COMMENT 'data:vertical,horizontal,inline;group:setting',
  `body_css` varchar(255) DEFAULT NULL COMMENT 'group:style',
  `body_style` varchar(255) DEFAULT NULL COMMENT 'group:style',
  `page_css` varchar(255) DEFAULT NULL COMMENT 'group:style',
  `page_style` varchar(255) DEFAULT NULL COMMENT 'group:style',
  `owner_id` varchar(100) DEFAULT NULL COMMENT 'editor:select;lookup:@user,id,username;group:common',
  `created_date` datetime DEFAULT NULL,
  `created_user` varchar(100) DEFAULT NULL,
  `modified_date` datetime DEFAULT NULL,
  `modified_user` varchar(255) DEFAULT NULL
) ENGINE=InnoDB DEFAULT CHARSET=utf8;

-- --------------------------------------------------------

--
-- Cấu trúc bảng cho bảng `app_notification`
--

CREATE TABLE `app_notification` (
  `id` bigint(20) NOT NULL,
  `message` varchar(2000) NOT NULL,
  `content` text DEFAULT NULL,
  `action` varchar(100) DEFAULT NULL COMMENT 'data:INFO,URL,CONTENT,REFRESH,CLEAR,CLOSE',
  `receiver_count` bigint(20) DEFAULT NULL,
  `receiver_users` text DEFAULT NULL COMMENT 'lookup:user',
  `sent_date` datetime DEFAULT NULL,
  `created_date` datetime DEFAULT NULL,
  `created_user` varchar(100) DEFAULT NULL,
  `application_id` varchar(100) DEFAULT NULL
) ENGINE=InnoDB DEFAULT CHARSET=utf8;

--
-- Đang đổ dữ liệu cho bảng `app_notification`
--

INSERT INTO `app_notification` (`id`, `message`, `content`, `action`, `receiver_count`, `receiver_users`, `sent_date`, `created_date`, `created_user`, `application_id`) VALUES
(1, 'fasdf', 'asdfdsf', NULL, NULL, NULL, NULL, NULL, NULL, NULL),
(2, 'tttt tra', 'asdfdsf', NULL, NULL, NULL, NULL, NULL, NULL, NULL),
(3, 'tttt tra', 'asdfdsf', NULL, NULL, NULL, NULL, NULL, NULL, NULL),
(4, 'tttt tra', 'asdfdsf', NULL, NULL, NULL, NULL, NULL, NULL, NULL),
(5, 'trang', 'test ', NULL, NULL, NULL, NULL, NULL, NULL, NULL),
(6, 'trang', 'test ', NULL, NULL, NULL, NULL, NULL, NULL, NULL),
(7, 'trang', 'test ', NULL, NULL, NULL, NULL, NULL, NULL, NULL),
(8, 'nội dung test 1', 'abc là abc\r\n', NULL, NULL, NULL, NULL, NULL, NULL, NULL),
(9, 'rtyu', 'qưẻg', NULL, NULL, NULL, NULL, NULL, NULL, NULL),
(10, 'test4', 'ưẻthj', NULL, NULL, NULL, NULL, NULL, NULL, NULL),
(11, 'test 5', 'nội dung test 5', NULL, NULL, NULL, NULL, NULL, NULL, NULL),
(12, 'qwer', 'asdfjhklhgwg', NULL, NULL, NULL, NULL, NULL, NULL, NULL);

-- --------------------------------------------------------

--
-- Cấu trúc bảng cho bảng `app_user_device`
--

CREATE TABLE `app_user_device` (
  `id` int(11) NOT NULL,
  `user_id` int(11) DEFAULT NULL COMMENT 'lookup:@app_user',
  `ime` varchar(255) NOT NULL,
  `gcm_id` varchar(255) NOT NULL,
  `type` tinyint(1) NOT NULL,
  `status` tinyint(1) NOT NULL
) ENGINE=InnoDB DEFAULT CHARSET=utf8;

--
-- Đang đổ dữ liệu cho bảng `app_user_device`
--

INSERT INTO `app_user_device` (`id`, `user_id`, `ime`, `gcm_id`, `type`, `status`) VALUES
(30, 100, '', 'dSYOB5Gtk1c:APA91bFMvu7tEyjkIggoZEDdEf0Ql1rANMpEFFwyt8mYzqfFwbAna1UUWyju8zkGQLLaYqDJdAnP-AHHMMCvIVg0u3Q4Jkl6Crvs1-2PSybO2WY8gQcARPTHLUdpuwcNXFuyhBe24cv2', 1, 1),
(31, 101, '', 'eOY4zlVAXJM:APA91bELS5OKpPD6b_IGhxYaePc_dxdAMF05Jm-xSrH4pe49CIX5-LwNPA52_bsN7xQJuZjJhFZDrsvHvUG0CcnroWvafHJ92VtN_bEOUaGtkNaMx3LpeIQiLPgE3Z9SA8Vp6hrxuJZ6', 1, 1),
(32, 103, '', '', 2, 1),
(33, 108, '', '', 2, 1),
(34, NULL, '', 'gcmvoiapimoii', 0, 1),
(35, NULL, '', 'gcmvoiapimoii', 0, 1),
(36, NULL, '', 'gcmvoiapimo2ii', 0, 1),
(37, NULL, '', 'gcmvoiapimo3ii', 0, 1),
(38, NULL, '', 'gcmvoiapimo3ii', 0, 1),
(39, NULL, '', 'gcmvoiapimo3ii', 0, 1),
(40, NULL, '', 'dKH7IE19904:APA91bGyfCUoVOSaCJqmTOUsA_amLSit8TsepqgJFrlRwaamEmDYo56qWHH35qMwKqGBw31dTHttJ2kVtc-BnhU38f0U2NK6458Nt8NiVO_coFQjLCPJ8IysgmO6BUPT1shTnC0bfUnt', 0, 1),
(41, NULL, '', 'eLWn3ID0ox4:APA91bE0P9j3JaB6xV9Z8qkzAVOCTLb_whXdn4C-f_Dz12nJaE07X9eOUVgr4__hGpSFw1ftlYWIPA0Irja3noi4-0vz9QnohisC6U_gMM3hBD2TrbLqwqgRhhPtfQk6ZiViH47U-gvi', 0, 1),
(42, NULL, '', 'ecgIvPulOP0:APA91bGEmThsvk7DHBTDAi1X6FvtYUl71gcJ1hXKx2jiOjz2B_smrJdLK6YxXcF1nEKHJmdE5cU0CZ1eAii6_86VA-u97I9JSSNqK3cFnIl3tVYkgDXltbFeVb8L1MBARBMi4d4WsOUD', 0, 1),
(43, NULL, '', 'cq15RFlJHIs:APA91bH-jD7PoW372B7t4iIPmLdtgdDCa7qkmajbzoQpkxuHdKwTEKTUIDh3hRoEjky0b0rMTsqfIFoaTppz1jlZZ82Ixwxf__QxIiHqG1TnZkR8hPoPgBtC9Y5JjJYXc7u-rT9qhY36', 0, 1),
(44, NULL, '', 'ebBK7lCOg1Y:APA91bEOy95JDgr6cjEL5_h7KjDj-vT_6pnbjUzxFjkzq5iiFKhFQEHnIXG4UmYZYf-MGuhKLNiu4zW_MyUreWiHJd9NdT16OhuR8_pipdR_xlwnfyWCng0XhUXtbEXxugZr21So5rGU', 0, 1),
(45, NULL, '', 'ftbnYGLbln4:APA91bG1nNoVZ2ykv5VdbtDQNz7gZSMfLnNlEW-YL0njuMDy9I4OI45N15nx3bjQ0DqVMCSCKqEwTQU1MJ9jH7hD4JPwkGcXcO7zyWI3JzJuNTFmhmDPkoAYhW_o-Rj1cWb9uRZVMJss', 0, 1),
(46, NULL, '', 'cGXGINrl-Kk:APA91bESQ55L46c97qQQw1JoKKfPH_lmAfLZdJXWw-2OBofU4X-jq2wXO00Yh_tNy0FFevhryIb_JO8eClqqW5FpJRVp40IiFtBqhM1vzH1pXcR5XoXF8ngDrE4qLBH7SwbbIyhjhrJY', 0, 1),
(47, NULL, '', 'fJ281CVAgNk:APA91bHVEyjbrcDlH8TLAM4WYxeojgnOII255yHVlz46-SqUk5KGbI87ROFiUmUMoOx95oBnjrlbXzD8lS1V49VzCgS0Md4N-OB50s9zYYAECCcDpIGqmjdUm4YQrOIbPZll5IbW5gI-', 0, 1),
(48, NULL, '', 'fJ281CVAgNk:APA91bHVEyjbrcDlH8TLAM4WYxeojgnOII255yHVlz46-SqUk5KGbI87ROFiUmUMoOx95oBnjrlbXzD8lS1V49VzCgS0Md4N-OB50s9zYYAECCcDpIGqmjdUm4YQrOIbPZll5IbW5gI-', 0, 1),
(49, NULL, '', 'el1rish0xik:APA91bEM7bU7HkX6qZCmPwZgiVULy0ezUYHDgACpl1LlDjX9LjuMsc3p9sLHDmveeyx5KFXWvkraFZ2TK49UaPVcIfL5bVHWcDYzxv3IPeRKFugiBievCcyWMyNC09DNt5TAILbw0VtQ', 0, 1),
(50, NULL, '', 'cQ3-p9cRVtg:APA91bE1wIS0fKx70nCz07juDpNmPOai-2-IZJlOLVHrEKrSVV5LDf9lIWIdTcTWX2abijI9M72VbgN5VxndBnSM2e4hIkQmw7K-hykycxwcfqj_LEfFkv1QdjwCb7G41SGXbzuHdOHw', 0, 1),
(51, NULL, '', 'd9ANKTlJYXc:APA91bHjVEvaWgfB5eGOKMgVDSoqiR3-4ofFZm-krLnda4drPuOg2-jP_hNh8aZA_SSfAWanpBhsPquJKdEsxTebvRi-S9BfS-BMfUz96vNy6MZROJLJ42ZQ7fi7fg-8HzsY8l1MVSSE', 0, 1),
(52, 2, '0', '', 2, 1),
(53, NULL, '', 'dzXa4Gzh24g:APA91bGHRyM_UlFsPg3adXhw_7DaQTofypqnP1WLUAMwXOYhMeAR4Ru--bo2QoCWG0kcBe2tGlQ8i4Z1MYyP0i5ki1X5gup-DDsKvuE6tlRIMnZCizPBoQUU0_yU0-86HAy4dDxRpFHM', 1, 1),
(54, NULL, '', 'cZxT73OprKg:APA91bEtTSaHmrjXt0DAx15oqGHU8yliqMXfsRLGsQ_NR6hohNPa1GXN7W-DaiCC1qxzaKsuzCgEJoG2bc3MtU6GQEylfqLWYYuv4ZTcoTAFeyZGZSypBWitFjvmuL7s4JKH1QLmU1YI', 1, 1),
(55, NULL, '', 'cEHOLXeb3Vs:APA91bFMq0qC84-FOKr1jhnDPFLkag13TY8f5PHwK9EsxBjPJEWOgUfPZcFN1DgKnSxGBc1uP6jXaXRjvLpobEgDUfxCplcb0Aqffwaayf7HdhBdeyB4cR_RG7-9fhiyxHDMkBf12N17', 1, 1),
(56, NULL, '', 'cX4oyM2Sbxw:APA91bHruHxb-2C_mzyvULhIiojAZaHIWMe-Bkvr9gSE_6xpy5hnOOUNOkPmU5ijM18evu6shLLlqcvePbtBXu8IQmIFzuWHVYSXgEuz-GOTBV_anMU2P_DfFq8Vv823jiDeXX7kW3u4', 1, 1),
(57, NULL, '', 'fyVsiV5PZsk:APA91bGRdzJGeLgY5NCTJpfmNJowgYryw_KExxYepN6q3tFUBpY5MYc3p732Nuos3LKMN477nvlDwwHYI8SgUgFPrzOkaB0tgcefLmtlahvMVq9t-ziF18VhqL3p1aAsSgzugLXwDgP7', 1, 1),
(58, NULL, '', 'csDQof_SuVU:APA91bEdgzLD_FOR5QETxBFxS3TrFlqYm66G9TVJ80k5kA5mfxqFBXRNWswUYuP87kpAlXoVbYRdLks18f3xgF7OE9sqH45XsOl62ejbXhUfiM-kDKCIfZ7iDKYkRilQmO3enEqP0C0_', 1, 1),
(59, NULL, '', 'dhABXiMqLXU:APA91bHDMjzGfvz0hXycgwric3gpmCe8wM5XaKRkmOlwVzbwWjORToqY6ubqgLKeBeH1lFyyviBfhLOHhwhHNeIzm4SxAKeyc0FslN-JaC-LvnTCMrxrOrvrOYaEAv7Nqe157upWPHbR', 1, 1),
(60, NULL, '', 'dHaxZj8Mfv0:APA91bHJozjQMsoLxveERw_6FtPfOod96mNK_1EzV-X0F_v_bgexmvMmIMIDB_oJDbkdO-7gj83kfFF-uO9BAS_nmhMfC3bkHmX5v-Ki5TfrhikeplDfH-ylg_AjvCowX4Akbp3kHtXU', 1, 1),
(61, NULL, '', 'fWAyfww-P9w:APA91bExuvNYfuVXMtlIup6OKRpzH7zRFk4NY-rxk3YRvttBoKHJPmSkegTiho6mGFxuKskJ72AbKe5L1uwNuzt5UhJw39HQ82U6Q7IE2ZMeez9Mla5JMsG67LYLK1KCVu5jb5qdDQqk', 1, 1),
(62, NULL, '', 'c1T8C5fhbdg:APA91bHPcT3lSB9JU_rFRPQftrw33iHwqhZ7huCPvauDZCvBven0ym_wtRFru--6nmaT7EI4VNniK3CsPdC5PerI06-xV5xfd8f7jNgc2S1YjITcSjiGeBpZOyKPRlmg1gVIK95GXFD-', 1, 1),
(63, NULL, '', 'dlb-Ml1hVmY:APA91bGyH8KHyrdG5Q893tHbQ53N6arSIIPDkhjSYSoK3GRwue4NzFp_uo738uLyIVhn9VN0ZFDiya9EXb-USsNB19JMlsgbaRBmVZCWAsJ_m1ymJTw-Bg8gA2PdInhdHJlqWhdst6x9', 1, 1),
(64, NULL, '', 'e7G6daxW8-0:APA91bHyiQPCwgimkFRPnk4sfN-3sHI4m9LrBR-tbFHR_iNfjyl6TEMa2NqkBtWY--7IgRAP8Ji2owv0xQ4qwYLpDFGrX-G861tivoFR9Zef0q2z2wd8hDiN9RetR_NU1DJvNaZs6l_C', 1, 1),
(65, NULL, '', 'cYqd3LJSP7s:APA91bHHnUYmoBGdEKpFOtHn4N1QWlmoKbb0zeMigbIpyZyNJNOeJw4qwsZD0Q3qAJ9ZD1DflDawgiiJo82nm73aHdigSahvfumCSQfNatXvs5Ebp1NMudvDU0Ql3ZWIhp-7JMnBdlAy', 1, 1),
(66, NULL, '', 'dDLItJ7lVeM:APA91bFeBlLL4lxoWF9vF27EPCizkeSA4OXMAYah2JxwYigT98nhEyK1hZEfjcKSJz4Z-T3wnl6FHwoHyib2BkPwgWqRpe_t4cv5H_5_wtjnOkmn9q8W4eRrFRRq8NeKmxNfhBT99-t2', 1, 1),
(67, NULL, '', 'fPiY79zQeoM:APA91bGznTS0suygBF7vBB2vaEazRilJ3ZllCEyN3VveXP_Jsn2034JBZjJz9A2z8r8Z7up__n0lwJyz7ovZNg1703NdAkWEVb_nj6wqpzP9JaI1Rv47lbmToxC3fYnmy19Sv7vjfPBH', 1, 1),
(68, NULL, '', 'eO1bUiKsmYM:APA91bEArsKxegNlypXpTGLVKAtQulool6UBNtqV8Ca3scwtN8SrWSh5blTuVa2sEt1YrwAEZhhoiQ_yK_wZ65pKI7FpzEx1-eSPHYL5UXN4jfDKsvwrVQEWpQD3dbj5n8qojZsLjDHN', 1, 1),
(69, NULL, '', 'cK5WZu1c4dE:APA91bHzRC4oy40kYKLHGKFGjlN4xfXR_wF1SxYmhJNne9FZGm6i8Sg8emDXwqVlVO8vvf7m5KSQL5Dm2tUfPQLBVcqgMNX8KKITnAUS5j58x4wHd9koCVt6tjrvdfnLnIte0Dmu6TPE', 1, 1),
(70, NULL, '', 'f4mtghlzZno:APA91bHS1Sg_5-o8Vtp3WWMn9SpLxJBT3s7x-ERguo7-yBuF21sifmqrvMtHOOQEKm7hxcVeHM4oy2rwf_vcovCyF-FVXUy8tPTYArXpjpmyHFipnHByu5t4c3XZWJtVA2Jk3fHI0ht9', 1, 1),
(71, NULL, '', 'cQ7wgrE0vJY:APA91bE0r-e-NDjw_rfcizkHc3twgS4Gux7awhDrSrl-6qPNrRjR2VrUSw9PeZj5iGsXXqhkqPVi0ruaXWyAUWikmJfGFJVa41CK824rsafdBmjrfQmBIyrBuk2YF6APx2SaWcb7jtAG', 1, 1),
(72, NULL, '', 'dqq_Inxl7eY:APA91bFymdCfqw6Ci_IN7JbrF0E33AzDV8cYx_UAkeHsMWFNKQFtoJLubC2yhwiA7_VD_j4g1w5hWvjv0xDVtAFw1CoGnQdu3brkZTcx_I9YAIdxUw0TXSi2uDOwrliRpqLflL0KJH-A', 1, 1),
(73, NULL, '', 'd7b31amEF80:APA91bEDgDY53MSJldIuBt6kU19X21lWByhN5lswp0GLrRpILrdxceyooJ-xmzn2vw-8oOlxL5UC1GKr41sHE261oau8yg2_97bGYXIKuvbLutp3XV5CJMr3xk57EvvcNbUzqP0AewTq', 1, 1),
(74, NULL, '', 'dpeqL8YRux4:APA91bGmoJWXcy0Mt7FQZooWFKaiptT2JfIvh1Kkja2mqSQuqrLE7geXZNq28DOMPbtUhoMFYx-Vn_Q6_NxnIC88SMbXGq34LS9U3ndS8QaGJxqBME4LHzSZcd0jYZ2GS_5_3gdNMDai', 1, 1),
(75, NULL, '', 'dH7s-pijMHM:APA91bHQwJkophx6B3mXtHaWzPLxdgRvaQlrIbJbbXJjmvGqE1EJ6p-HtW_k9FfrRCCPrFYHa9t_Aw36l5iRmLtxnr0XQzHJx4HEEpLCboGwMUou99srIgRwcq8xpcIVd6sn9bKhSfni', 1, 1),
(76, NULL, '', 'd-8sjUDh-dE:APA91bGOg4-runbvWFNDsWdrrP9lpkA6D7hRmQkMwsvZC1Fl1aiFso53hnProeI1nlg-W2mcoOmu7J5qQpkf5GTa3P-DS70RCowX2npZE8UDreM3yZEBJBWQQ8JWOQS3F4OHnv4dLeLo', 1, 1);

-- --------------------------------------------------------

--
-- Cấu trúc bảng cho bảng `genre`
--

CREATE TABLE `genre` (
  `id` int(11) NOT NULL,
  `genre` varchar(255) NOT NULL,
  `created_at` datetime DEFAULT NULL,
  `modified_at` datetime DEFAULT NULL
) ENGINE=InnoDB DEFAULT CHARSET=utf8;

--
-- Đang đổ dữ liệu cho bảng `genre`
--

INSERT INTO `genre` (`id`, `genre`, `created_at`, `modified_at`) VALUES
(2, 'Live Channel', NULL, '2023-04-18 07:10:26'),
(3, 'Comedy', NULL, '2019-08-23 04:23:44'),
(5, 'Fantasy', '2019-08-20 04:02:58', '2019-08-23 04:24:01'),
(6, 'Horror', '2019-08-20 04:03:07', '2019-08-23 04:24:08'),
(7, 'Science fiction', '2019-08-20 04:03:17', '2019-08-23 04:24:16'),
(8, 'Historical', '2019-08-23 04:23:21', NULL);

-- --------------------------------------------------------

--
-- Cấu trúc bảng cho bảng `migration`
--

CREATE TABLE `migration` (
  `version` varchar(180) NOT NULL,
  `apply_time` int(11) DEFAULT NULL
) ENGINE=InnoDB DEFAULT CHARSET=utf8;

-- --------------------------------------------------------

--
-- Cấu trúc bảng cho bảng `movie`
--

CREATE TABLE `movie` (
  `id` int(11) NOT NULL,
  `image` varchar(255) NOT NULL,
  `title` varchar(255) NOT NULL,
  `release_year` int(4) DEFAULT NULL,
  `rating` double DEFAULT NULL,
  `runtime` int(3) DEFAULT NULL,
  `description` varchar(255) DEFAULT NULL,
  `url` varchar(2000) DEFAULT NULL,
  `source_id` int(11) DEFAULT NULL,
  `play_with` int(1) DEFAULT 0 COMMENT '0: exo 1: mxplayer',
  `created_at` datetime DEFAULT NULL,
  `modified_at` datetime DEFAULT NULL
) ENGINE=InnoDB DEFAULT CHARSET=utf8;

--
-- Đang đổ dữ liệu cho bảng `movie`
--

INSERT INTO `movie` (`id`, `image`, `title`, `release_year`, `rating`, `runtime`, `description`, `url`, `source_id`, `play_with`, `created_at`, `modified_at`) VALUES
(4, '168180175291_movie_image.png', 'Akaima TV', 2023, 10, NULL, 'Lorem Ipsum is simply dummy text of the printing and typesetting industry. ... To take a trivial example, which of us ever undertakes laborious physical', 'https://cph-p2p-msl.akamaized.net/hls/live/2000341/test/master.m3u8', 2, 0, NULL, NULL),
(9, '1572850292144_movie_image.jpg', 'Movie Mp4 Url', 2023, 8.9, NULL, 'Lorem Ipsum is simply dummy text of the printing and typesetting industry. ... To take a trivial example, which of us ever undertakes laborious physical', 'https://www.learningcontainer.com/wp-content/uploads/2020/05/sample-mp4-file.mp4', 10, 0, NULL, NULL),
(11, '1572850378931_movie_image.jpg', 'Monsters', 2022, 7.5, NULL, 'Lorem Ipsum is simply dummy text of the printing and typesetting industry. ... To take a trivial example, which of us ever undertakes laborious physical', 'https://demo.unified-streaming.com/k8s/features/stable/video/tears-of-steel/tears-of-steel.mp4/.m3u8', 2, 0, NULL, NULL),
(12, '15728504239_movie_image.jpg', 'Journey2', 2020, 8.7, NULL, '', 'https://demo.unified-streaming.com/k8s/features/stable/video/tears-of-steel/tears-of-steel.ism/.m3u8', 2, 0, NULL, NULL),
(13, '1572850492674_movie_image.jpg', 'Spide Man - Far From Home', 2019, 7.6, NULL, 'Lorem ipsum, or lipsum as it is sometimes known, is dummy text used in laying out print, graphic or web designs. The passage is attributed to an unknown typesetter in the 15th century who is thought to have scrambled parts of Cicero\'s De Finibus Bonorum e', '1dANq-3CI5Nvd_fIyp8oHBNvTKrmkNd8G', 19, 0, NULL, NULL),
(14, '1572850526509_movie_image.jpg', 'Hobbit', 2013, 6.9, NULL, 'Lorem Ipsum is simply dummy text of the printing and typesetting industry. ... To take a trivial example, which of us ever undertakes laborious physical', 'http://d3rlna7iyyu8wu.cloudfront.net/skip_armstrong/skip_armstrong_multi_language_subs.m3u8', 2, 0, NULL, NULL),
(15, '1572850579254_movie_image.jpg', 'Jagaa - Jasoos', 2017, 5.8, NULL, 'Lorem Ipsum is simply dummy text of the printing and typesetting industry. ... To take a trivial example, which of us ever undertakes laborious physical', 'TE_xgf_ZEbY', 5, 0, NULL, NULL),
(16, '1572850630253_movie_image.jpg', 'First Sunday', 2023, 6.7, NULL, 'Lorem Ipsum is simply dummy text of the printing and typesetting industry. ... To take a trivial example, which of us ever undertakes laborious physical', 'UCLA_DiR1FfKNvjuUpBHmylQ', 5, 0, NULL, NULL),
(17, '1572850668185_movie_image.jpg', 'Can you keep a secret?', 2015, 6.7, NULL, 'Lorem Ipsum is simply dummy text of the printing and typesetting industry. ... To take a trivial example, which of us ever undertakes laborious physical', 'http://commondatastorage.googleapis.com/gtv-videos-bucket/sample/ElephantsDream.mp4', 10, 0, NULL, NULL),
(21, '1572860609453_movie_image.jpg', 'Larva 2019', 2018, 8.8, NULL, 'Lorem Ipsum is simply dummy text of the printing and typesetting industry. ... To take a trivial example, which of us ever undertakes laborious physical', 'mllSZYZnXMo', 5, 0, NULL, NULL),
(22, '1572860726152_movie_image.jpg', 'Baby Shark', 2018, 7.7, NULL, 'Lorem Ipsum is simply dummy text of the printing and typesetting industry. ... To take a trivial example, which of us ever undertakes laborious physical', 'mhrGj4ZAuyY', 5, 0, NULL, NULL),
(23, '1572860931437_movie_image.jpg', 'Trailer: Far From Home', 2016, 7.3, NULL, 'Lorem Ipsum is simply dummy text of the printing and typesetting industry. ... To take a trivial example, which of us ever undertakes laborious physical', '0A4tMLQ56XM', 5, 0, NULL, NULL),
(24, '15728611151_movie_image.jpg', 'Dark Fate WebView', 2014, 7.1, NULL, 'Lorem Ipsum is simply dummy text of the printing and typesetting industry. ... To take a trivial example, which of us ever undertakes laborious physical', 'https://drive.google.com/file/d/1dANq-3CI5Nvd_fIyp8oHBNvTKrmkNd8G/view?usp=share_link', 8, 0, NULL, NULL),
(25, '1572861232219_movie_image.jpg', 'Trailer: Shadow Of Mordor', 2012, 5.8, NULL, 'live streaming tv channel', 'https://www.nimo.tv/', 8, 0, NULL, NULL);

-- --------------------------------------------------------

--
-- Cấu trúc bảng cho bảng `movie_genre`
--

CREATE TABLE `movie_genre` (
  `id` int(11) NOT NULL,
  `id_movie` int(11) NOT NULL,
  `id_genre` int(11) NOT NULL,
  `created_at` datetime DEFAULT NULL,
  `modified_at` datetime DEFAULT NULL
) ENGINE=InnoDB DEFAULT CHARSET=utf8;

--
-- Đang đổ dữ liệu cho bảng `movie_genre`
--

INSERT INTO `movie_genre` (`id`, `id_movie`, `id_genre`, `created_at`, `modified_at`) VALUES
(1, 5, 1, NULL, NULL),
(2, 6, 1, NULL, NULL),
(58, 28, 10, NULL, NULL),
(71, 27, 10, NULL, NULL),
(74, 32, 1, NULL, NULL),
(96, 42, 11, NULL, NULL),
(98, 44, 11, NULL, NULL),
(100, 45, 3, NULL, NULL),
(101, 46, 11, NULL, NULL),
(105, 43, 11, NULL, NULL),
(135, 49, 1, NULL, NULL),
(138, 26, 1, NULL, NULL),
(139, 26, 2, NULL, NULL),
(159, 3, 1, NULL, NULL),
(164, 55, 1, NULL, NULL),
(165, 56, 1, NULL, NULL),
(166, 57, 1, NULL, NULL),
(168, 58, 1, NULL, NULL),
(169, 59, 1, NULL, NULL),
(170, 60, 1, NULL, NULL),
(171, 61, 1, NULL, NULL),
(172, 62, 1, NULL, NULL),
(199, 64, 2, NULL, NULL),
(201, 66, 2, NULL, NULL),
(202, 66, 3, NULL, NULL),
(203, 66, 5, NULL, NULL),
(204, 66, 6, NULL, NULL),
(205, 66, 7, NULL, NULL),
(206, 66, 8, NULL, NULL),
(228, 12, 2, NULL, NULL),
(243, 16, 3, NULL, NULL),
(244, 4, 2, NULL, NULL),
(246, 11, 2, NULL, NULL),
(247, 11, 6, NULL, NULL),
(248, 14, 2, NULL, NULL),
(251, 17, 3, NULL, NULL),
(256, 23, 3, NULL, NULL),
(257, 23, 8, NULL, NULL),
(261, 9, 2, NULL, NULL),
(262, 13, 2, NULL, NULL),
(263, 13, 5, NULL, NULL),
(264, 15, 2, NULL, NULL),
(265, 15, 5, NULL, NULL),
(266, 21, 3, NULL, NULL),
(267, 21, 5, NULL, NULL),
(268, 22, 3, NULL, NULL),
(269, 22, 6, NULL, NULL),
(272, 25, 6, NULL, NULL),
(273, 24, 3, NULL, NULL),
(274, 24, 8, NULL, NULL);

-- --------------------------------------------------------

--
-- Cấu trúc bảng cho bảng `movie_people`
--

CREATE TABLE `movie_people` (
  `id` int(11) NOT NULL,
  `id_people` int(11) NOT NULL,
  `id_movie` int(11) NOT NULL,
  `id_role` int(11) NOT NULL,
  `created_at` datetime DEFAULT NULL,
  `modified_at` datetime DEFAULT NULL
) ENGINE=InnoDB DEFAULT CHARSET=utf8;

--
-- Đang đổ dữ liệu cho bảng `movie_people`
--

INSERT INTO `movie_people` (`id`, `id_people`, `id_movie`, `id_role`, `created_at`, `modified_at`) VALUES
(5, 1, 11, 2, NULL, NULL),
(6, 2, 12, 2, NULL, NULL),
(7, 1, 13, 2, NULL, NULL),
(8, 2, 14, 2, NULL, NULL),
(9, 1, 15, 2, NULL, NULL),
(10, 1, 16, 2, NULL, NULL),
(11, 2, 17, 2, NULL, NULL),
(12, 1, 18, 2, NULL, NULL),
(13, 1, 19, 2, NULL, NULL),
(14, 1, 20, 2, NULL, NULL),
(22, 1, 22, 2, NULL, NULL),
(23, 1, 23, 2, NULL, NULL),
(27, 1, 24, 2, NULL, NULL),
(28, 1, 25, 2, NULL, NULL),
(38, 1, 29, 2, NULL, NULL),
(59, 1, 28, 2, NULL, NULL),
(60, 2, 28, 2, NULL, NULL),
(61, 3, 28, 2, NULL, NULL),
(62, 4, 28, 2, NULL, NULL),
(63, 5, 28, 2, NULL, NULL),
(64, 6, 28, 2, NULL, NULL),
(72, 1, 35, 2, NULL, NULL),
(73, 1, 36, 2, NULL, NULL),
(75, 1, 34, 2, NULL, NULL),
(82, 1, 27, 2, NULL, NULL),
(83, 2, 27, 2, NULL, NULL),
(84, 3, 27, 2, NULL, NULL),
(85, 4, 27, 2, NULL, NULL),
(86, 5, 27, 2, NULL, NULL),
(87, 6, 27, 2, NULL, NULL),
(100, 1, 32, 2, NULL, NULL),
(101, 2, 32, 2, NULL, NULL),
(102, 3, 32, 2, NULL, NULL),
(103, 4, 32, 2, NULL, NULL),
(104, 5, 32, 2, NULL, NULL),
(105, 6, 32, 2, NULL, NULL),
(106, 1, 26, 2, NULL, NULL),
(107, 2, 26, 2, NULL, NULL),
(108, 3, 26, 2, NULL, NULL),
(109, 4, 26, 2, NULL, NULL),
(110, 5, 26, 2, NULL, NULL),
(111, 6, 26, 2, NULL, NULL),
(120, 5, 37, 2, NULL, NULL),
(122, 7, 38, 2, NULL, NULL),
(123, 3, 39, 2, NULL, NULL),
(135, 1, 42, 2, NULL, NULL),
(137, 5, 44, 2, NULL, NULL),
(139, 2, 45, 2, NULL, NULL),
(140, 3, 46, 2, NULL, NULL),
(144, 1, 43, 2, NULL, NULL),
(170, 1, 48, 2, NULL, NULL),
(171, 2, 48, 2, NULL, NULL),
(172, 3, 48, 2, NULL, NULL),
(173, 4, 48, 2, NULL, NULL),
(174, 5, 48, 2, NULL, NULL),
(175, 6, 48, 2, NULL, NULL),
(176, 7, 48, 2, NULL, NULL),
(177, 8, 48, 2, NULL, NULL),
(178, 1, 21, 2, NULL, NULL),
(179, 1, 4, 2, NULL, NULL),
(181, 1, 10, 2, NULL, NULL),
(182, 1, 3, 2, NULL, NULL),
(184, 2, 9, 2, NULL, NULL),
(186, 1, 49, 2, NULL, NULL);

-- --------------------------------------------------------

--
-- Cấu trúc bảng cho bảng `movie_studio`
--

CREATE TABLE `movie_studio` (
  `id` int(11) NOT NULL,
  `id_movie` int(11) NOT NULL,
  `id_studio` int(11) NOT NULL,
  `created_at` datetime DEFAULT NULL,
  `modified_at` datetime DEFAULT NULL
) ENGINE=InnoDB DEFAULT CHARSET=utf8;

--
-- Đang đổ dữ liệu cho bảng `movie_studio`
--

INSERT INTO `movie_studio` (`id`, `id_movie`, `id_studio`, `created_at`, `modified_at`) VALUES
(50, 8, 1, NULL, NULL),
(53, 4, 2, NULL, NULL),
(57, 1, 1, NULL, NULL),
(82, 13, 1, NULL, NULL),
(95, 15, 1, NULL, NULL),
(123, 7, 1, NULL, NULL),
(150, 12, 1, NULL, NULL),
(151, 12, 2, NULL, NULL),
(152, 16, 1, NULL, NULL),
(176, 14, 1, NULL, NULL),
(177, 14, 2, NULL, NULL),
(183, 17, 1, NULL, NULL),
(184, 18, 1, NULL, NULL),
(186, 10, 1, NULL, NULL),
(187, 10, 2, NULL, NULL),
(192, 9, 2, NULL, NULL),
(201, 6, 1, NULL, NULL),
(202, 11, 1, NULL, NULL),
(203, 11, 2, NULL, NULL),
(231, 5, 1, NULL, NULL),
(234, 2, 1, NULL, NULL);

-- --------------------------------------------------------

--
-- Cấu trúc bảng cho bảng `people`
--

CREATE TABLE `people` (
  `id` int(11) NOT NULL,
  `fullname` varchar(255) NOT NULL,
  `created_at` datetime DEFAULT NULL,
  `modified_at` datetime DEFAULT NULL
) ENGINE=InnoDB DEFAULT CHARSET=utf8;

--
-- Đang đổ dữ liệu cho bảng `people`
--

INSERT INTO `people` (`id`, `fullname`, `created_at`, `modified_at`) VALUES
(1, 'Joseph Russo', NULL, NULL),
(2, 'Anthony Russo', NULL, NULL),
(3, 'Chris Hemsworth', NULL, NULL),
(4, 'Chris Evans', NULL, NULL),
(5, 'abc', NULL, NULL),
(6, 'DDnF-vatubw', NULL, NULL),
(7, 'SamSpedy', '2019-11-21 00:35:00', NULL),
(8, '375958639499', '2019-11-27 11:56:02', NULL);

-- --------------------------------------------------------

--
-- Cấu trúc bảng cho bảng `role`
--

CREATE TABLE `role` (
  `id` int(11) NOT NULL,
  `role` varchar(255) NOT NULL,
  `created_at` datetime DEFAULT NULL,
  `modified_at` datetime DEFAULT NULL
) ENGINE=InnoDB DEFAULT CHARSET=utf8;

--
-- Đang đổ dữ liệu cho bảng `role`
--

INSERT INTO `role` (`id`, `role`, `created_at`, `modified_at`) VALUES
(1, 'Director', NULL, NULL),
(2, 'Cast', '2019-08-20 04:21:25', NULL);

-- --------------------------------------------------------

--
-- Cấu trúc bảng cho bảng `service`
--

CREATE TABLE `service` (
  `id` int(11) NOT NULL,
  `title` varchar(250) NOT NULL,
  `description` text DEFAULT NULL,
  `image` varchar(250) NOT NULL,
  `price` float DEFAULT NULL,
  `created_date` datetime NOT NULL
) ENGINE=InnoDB DEFAULT CHARSET=utf8;

--
-- Đang đổ dữ liệu cho bảng `service`
--

INSERT INTO `service` (`id`, `title`, `description`, `image`, `price`, `created_date`) VALUES
(2, 'Rửa xe', '<p style=\"margin-left:0px; margin-right:0px\">Lorem ipsum dolor sit amet, consectetuer adipiscing elit, sed diam nonummy nibh euismod tincidunt ut laoreet dolore magna aliquam erat volutpat. Ut wisi enim ad minim veniam, quis nostrud exerci tation ullamcorper suscipit lobortis nisl ut aliquip ex ea commodo consequat. Duis autem vel eum iriure dolor in hendrerit in vulputate velit esse molestie consequat, vel illum dolore eu feugiat nulla facilisis at vero eros et accumsan et iusto odio dignissim qui blandit praesent luptatum zzril delenit augue duis dolore te feugait nulla facilisi.</p>\r\n\r\n<div class=\"row\" style=\"box-sizing: border-box; margin-left: -15px; margin-right: -15px; font-family: &quot;Open Sans&quot;, sans-serif; font-size: 14px;\">\r\n<div class=\"col-xs-6\" style=\"box-sizing: border-box; float: left; position: relative; min-height: 1px; padding-left: 15px; padding-right: 15px; width: 282px;\">\r\n<ul>\r\n	<li>&nbsp;Nam liber tempor cum soluta</li>\r\n	<li>&nbsp;Mirum est notare quam</li>\r\n	<li>&nbsp;Lorem ipsum dolor sit amet</li>\r\n	<li>&nbsp;Mirum est notare quam</li>\r\n	<li>&nbsp;Mirum est notare quam</li>\r\n</ul>\r\n</div>\r\n</div>', '154246328011product.jpg', 100, '2018-11-16 03:12:18'),
(3, 'Chuyển nhà trọn gói', '<p>Mỗi lần chuyển nh&agrave; từ nơi ở cũ đến nơi ở mới l&agrave; một c&ocirc;ng việc chiếm rất nhiều thời gian c&ocirc;ng sức của gia đ&igrave;nh, doanh nghiệp, c&ocirc;ng việc bị anh hưởng lớn về việc tự th&aacute;o dỡ, bốc sếp, vận chuyển, lắp đặt đến địa chỉ mới kh&ocirc;ng phải gia đ&igrave;nh, doanh nghiệp n&agrave;o cũng c&oacute; thể l&agrave;m được .<br />\r\nTrước nhu cầu thiết yếu đ&oacute; chuyển nh&agrave; trọn g&oacute;i&nbsp;<strong>T&iacute;n Ph&aacute;t</strong>&nbsp;đ&atilde; đem lại cho c&aacute;c gia đ&igrave;nh doanh nghiệp những dịch vụ tốt nhất như : chuyển nh&agrave; trọn g&oacute;i ,chuyển văn ph&ograve;ng trọn g&oacute;i, chuyển nh&agrave; gi&aacute; rẻ , chuyển nh&agrave; trọn g&oacute;i H&agrave; Nội ,vận chuyển h&agrave;ng h&oacute;a, cho thu&ecirc; taxi tải ,&hellip; Ch&uacute;ng t&ocirc;i đặt lợi &iacute;ch kh&aacute;ch h&agrave;ng l&ecirc;n h&agrave;ng đầu do vậy nhiều năm qua&nbsp;<strong>T&iacute;n Ph&aacute;t</strong>&nbsp;lu&ocirc;n tự h&agrave;o l&agrave; nh&agrave; cung cấp&nbsp;<strong>dịch vụ chuyển nh&agrave; &ndash; chuyển văn ph&ograve;ng &ndash; dịch vụ vận tải</strong>&nbsp;uy t&iacute;n chất lượng h&agrave;ng đầu khu vực H&agrave; Nội .<br />\r\nL&yacute; do bạn n&ecirc;n sử dụng dịch vụ chuyển nh&agrave; trọn g&oacute;i&nbsp;<strong>T&iacute;n Ph&aacute;t</strong><br />\r\n<strong>T&iacute;n Ph&aacute;t</strong>&nbsp;cam kết đ&uacute;ng gi&aacute; v&agrave; gi&aacute; lu&ocirc;n rẻ hơn c&aacute;c đơn vị c&ugrave;ng lĩnh vực .<br />\r\nĐội ngũ 58 nh&acirc;n vi&ecirc;n với nhiều năm kinh nghiệm phục vụ tận t&igrave;nh chu đ&aacute;o v&agrave; quan trọng hơn l&agrave; &ldquo;lu&ocirc;n&nbsp;<strong>kh&aacute;ch h&agrave;ng lu&ocirc;n</strong>&nbsp;<strong>đ&uacute;ng</strong>&rdquo; trong mọi trường hợp .</p>\r\n\r\n<p>Vận chuyển nhanh ch&oacute;ng v&agrave; an to&agrave;n .<br />\r\nCam kết đền b&ugrave; thiệt hại 100% nếu xảy ra tổn thất, đổ vỡ đồ d&ugrave;ng / h&agrave;ng h&oacute;a trong l&uacute;c vận chuyển .<br />\r\nLu&ocirc;n c&oacute; c&aacute;c chương tr&igrave;nh ưu đ&atilde;i, khuyến mại hấp dẫn đến với kh&aacute;ch h&agrave;ng<br />\r\nQuy tr&igrave;nh thực hiện dịch vụ chuyển nh&agrave; trọn g&oacute;i:<br />\r\nĐể r&uacute;t gọn bớt c&aacute;c thủ tục kh&ocirc;ng cần thiết&nbsp;<strong>T&iacute;n Ph&aacute;t</strong>&nbsp;cho ra đời quy tr&igrave;nh chuyển nh&agrave; gồm c&aacute;c bước như sau:<br />\r\n<strong>Bước 1: Tiếp nhận th&ocirc;ng tin</strong><br />\r\nQu&yacute; kh&aacute;ch c&oacute; nhu cầu chuyển nh&agrave; h&atilde;y li&ecirc;n hệ cho ch&uacute;ng t&ocirc;i theo đầu số&nbsp;<strong>0869.766.122</strong>&nbsp;Nh&acirc;n vi&ecirc;n tiếp nhận th&ocirc;ng tin&nbsp;<strong>qu&yacute; kh&aacute;ch</strong>&nbsp;v&agrave; đồng thời tư vấn về dịch vụ c&aacute;ch thức vận chuyển s&aacute;t với thực tế , Chốt dịch vụ hẹn ng&agrave;y giờ để nh&acirc;n vi&ecirc;n đến khảo s&aacute;t .<br />\r\n<strong>Bước 2 : Khảo s&aacute;t, b&aacute;o gi&aacute;, k&yacute; Hợp Đồng</strong><br />\r\nTheo như lịch hẹn nh&acirc;n vi&ecirc;n&nbsp;<strong>T&iacute;n Ph&aacute;t</strong>&nbsp;sẽ gặp kh&aacute;ch h&agrave;ng để khảo s&aacute;t địa điểm đ&aacute;nh gi&aacute; khối lượng đồ đạc, đưa ra phương thức vận chuyển từ nơi cần chuyển (c&aacute;ch đ&oacute;ng g&oacute;i đồ đạc, cung đường, phương tiện con người v&agrave; thời gian vận chuyển &hellip;) đến nơi cần chuyển đến (bố tr&iacute; sắp xếp đồ đạc theo y&ecirc;u cầu &hellip;) v&agrave; c&oacute; b&aacute;o gi&aacute; hợp l&yacute; nhất cho qu&yacute; kh&aacute;ch h&agrave;ng .<br />\r\nKhi qu&yacute; kh&aacute;ch đ&atilde; đồng &yacute; về phương thức vận chuyển v&agrave; gi&aacute; th&agrave;nh ch&uacute;ng t&ocirc;i đưa ra th&igrave; 2 b&ecirc;n đi đến k&yacute; kết hợp đồng chuyển nh&agrave; .<br />\r\n<strong>Bước 3 : Thực hiện hợp đồng</strong><br />\r\n&ndash; Đ&oacute;ng g&oacute;i đồ đạc khi chuyển nh&agrave; trọn g&oacute;i tất cả đồ d&ugrave;ng trong gia đ&igrave;nh sẽ được đ&oacute;ng g&oacute;i bằng những bao b&igrave; ph&ugrave; hợp (th&ugrave;ng carton, băng d&iacute;nh v&agrave; giấy g&oacute;i). S&aacute;ch, t&agrave;i liệu sẽ được cho v&agrave;o th&ugrave;ng carton . Đồ dễ vỡ sẽ được bọc giấy g&oacute;i rồi cho v&agrave;o th&ugrave;ng carton để vận chuyển. H&agrave;ng điện tử được đ&oacute;ng g&oacute;i bằng vật liệu mềm, xốp đựng trong th&ugrave;ng carton (được đ&aacute;nh dấu h&agrave;ng quan trọng). Đồ gỗ được th&aacute;o dỡ, đ&oacute;ng g&oacute;i, bọc l&oacute;t &hellip;<br />\r\n&ndash; Vận chuyển trọn g&oacute;i tất cả h&agrave;ng ho&aacute;, đồ đạc thiết bị từ nơi cần chuyển đến nơi cần chuyển đến một c&aacute;ch an to&agrave;n nhất</p>\r\n\r\n<p>.<img alt=\"\" class=\"alignnone size-medium wp-image-1376\" src=\"http://tinphatlogistics24h.com/wp-content/uploads/2018/07/chuyen-nha-tron-goi-gia-re-tai-Ha-noi-300x202.jpg\" style=\"background:transparent; border:0px; box-sizing:border-box; font-weight:inherit; height:auto; margin:0px; max-width:100%; outline:0px; padding:0px; vertical-align:middle; width:300px\" /></p>\r\n\r\n<p>&ndash; Bố tr&iacute; đồ đạc h&agrave;ng h&oacute;a đồ đạc được chuyển đến địa chỉ mới v&agrave; được nh&acirc;n vi&ecirc;n k&ecirc; dọn, ph&acirc;n loại, lắp đặt theo y&ecirc;u cầu của qu&yacute; kh&aacute;ch.<br />\r\n<strong>Bước 4 : Nghiệm thu thanh l&yacute; hợp đồng</strong><br />\r\nQu&yacute; Kh&aacute;ch h&agrave;ng v&agrave; dịch vụ&nbsp;<strong>chuyển nh&agrave; T&iacute;n Ph&aacute;t</strong>&nbsp;nghiệm thu b&agrave;n giao to&agrave;n bộ c&aacute;c hạng mục c&ocirc;ng việc đ&atilde; thực hiện v&agrave; căn cứ v&agrave;o gi&aacute; trị hợp đồng đ&atilde; k&yacute; để tiến h&agrave;nh thanh l&yacute; Hợp đồng chuyển nh&agrave;.<br />\r\nTr&aacute;ch nhiệm sau vận chuyển trọn g&oacute;i:<br />\r\n&ndash;&nbsp;<strong>T&iacute;n Ph&aacute;t</strong>&nbsp;cam kết đền b&ugrave; thiệt hại&nbsp;<strong>100%</strong>&nbsp;nếu xảy ra tổn thất, đổ vỡ đồ d&ugrave;ng / h&agrave;ng h&oacute;a trong qu&aacute; tr&igrave;nh vận chuyển<br />\r\n&ndash; Sau 48h ho&agrave;n th&agrave;nh nếu qu&yacute; kh&aacute;ch c&oacute; nhu cầu chỉnh trang k&ecirc; xếp lại đồ đạc ch&uacute;ng sẽ cử nh&acirc;n vi&ecirc;n đến trực tiếp hỗ trợ qu&yacute; kh&aacute;ch k&ecirc; xếp lại v&agrave; ho&agrave;n to&agrave;n miễn ph&iacute; cho kh&aacute;ch h&agrave;ng.<br />\r\n&ndash; Ch&uacute;ng t&ocirc;i rất hoan ngh&ecirc;nh v&agrave; mong muốn nhận được những &yacute; kiến đ&oacute;ng g&oacute;p để c&oacute; thể tiếp tục x&acirc;y dựng m&ocirc; h&igrave;nh dịch vụ chuyển nh&agrave; trọn g&oacute;i của<strong>&nbsp;T&iacute;n Ph&aacute;t</strong>&nbsp;ng&agrave;y một tốt hơn .</p>\r\n\r\n<p>Sau khi nắm được r&otilde; quy tr&igrave;nh chuyển nh&agrave; trọn g&oacute;i của&nbsp;<strong>T&iacute;n Ph&aacute;t</strong>&nbsp; th&igrave; việc của bạn l&agrave; h&atilde;y chọn 1 ng&agrave;y thật đẹp để về nh&agrave; mới ngay th&ocirc;i. V&igrave; việc chọn ng&agrave;y về nh&agrave; mới cũng v&ocirc; c&ugrave;ng quan trọng, n&oacute; ảnh hướng rất nhiều đến bạn v&agrave; c&aacute;c th&agrave;nh vi&ecirc;n trong gia đ&igrave;nh nh&agrave; bạn.</p>', '1546481028294product.jpg', 1000000, '2018-11-16 04:51:22'),
(4, 'Vệ sinh máy lạnh', '<p style=\"margin-left:0px; margin-right:0px\"><span style=\"color:rgba(0, 0, 0, 0.9); font-family:-apple-system,system-ui,system-ui,segoe ui,roboto,helvetica neue,fira sans,ubuntu,oxygen,oxygen sans,cantarell,droid sans,apple color emoji,segoe ui emoji,segoe ui emoji,segoe ui symbol,lucida grande,helvetica,arial,sans-serif; font-size:16px\">Giải ph&aacute;p bảo vệ m&ocirc;i trường sống</span><br />\r\n<span style=\"color:rgba(0, 0, 0, 0.9); font-family:-apple-system,system-ui,system-ui,segoe ui,roboto,helvetica neue,fira sans,ubuntu,oxygen,oxygen sans,cantarell,droid sans,apple color emoji,segoe ui emoji,segoe ui emoji,segoe ui symbol,lucida grande,helvetica,arial,sans-serif; font-size:16px\">Giải ph&aacute;p bảo vệ m&ocirc;i trường sống l&agrave; Thương Hiệu cung cấp Dịch Vụ Vệ Sinh Gia Đ&igrave;nh Th&ocirc;ng Minh, Chuy&ecirc;n Nghiệp số 1 Việt Nam</span><br />\r\n<span style=\"color:rgba(0, 0, 0, 0.9); font-family:-apple-system,system-ui,system-ui,segoe ui,roboto,helvetica neue,fira sans,ubuntu,oxygen,oxygen sans,cantarell,droid sans,apple color emoji,segoe ui emoji,segoe ui emoji,segoe ui symbol,lucida grande,helvetica,arial,sans-serif; font-size:16px\">Với phương ch&acirc;m &ldquo;Phụng Sự bằng c&aacute;ch Gia Tăng Gi&aacute; Trị Thực Phục Vụ Kh&aacute;ch H&agrave;ng&rdquo;</span><br />\r\n<span style=\"color:rgba(0, 0, 0, 0.9); font-family:-apple-system,system-ui,system-ui,segoe ui,roboto,helvetica neue,fira sans,ubuntu,oxygen,oxygen sans,cantarell,droid sans,apple color emoji,segoe ui emoji,segoe ui emoji,segoe ui symbol,lucida grande,helvetica,arial,sans-serif; font-size:16px\">Giải ph&aacute;p bảo vệ m&ocirc;i trường sống tạo ra c&aacute;c giải ph&aacute;p Dịch Vụ Vệ Sinh gi&aacute; trị cao g&oacute;p phần n&acirc;ng cao chất lượng cuộc sống của Qu&yacute; Kh&aacute;ch H&agrave;ng</span><br />\r\n<span style=\"color:rgba(0, 0, 0, 0.9); font-family:-apple-system,system-ui,system-ui,segoe ui,roboto,helvetica neue,fira sans,ubuntu,oxygen,oxygen sans,cantarell,droid sans,apple color emoji,segoe ui emoji,segoe ui emoji,segoe ui symbol,lucida grande,helvetica,arial,sans-serif; font-size:16px\">Giải ph&aacute;p bảo vệ m&ocirc;i trường sống - Cung Cấp Dịch vụ Vệ Sinh M&aacute;y Lạnh to&agrave;n diện.</span></p>', '154648082816product.jpg', 70000, '2018-12-30 10:01:10');

-- --------------------------------------------------------

--
-- Cấu trúc bảng cho bảng `setting`
--

CREATE TABLE `setting` (
  `id` int(11) NOT NULL,
  `metaKey` varchar(255) DEFAULT NULL,
  `metaValue` text DEFAULT NULL
) ENGINE=InnoDB DEFAULT CHARSET=utf8;

--
-- Đang đổ dữ liệu cho bảng `setting`
--

INSERT INTO `setting` (`id`, `metaKey`, `metaValue`) VALUES
(1, 'ADMIN_EMAIL', 'admin-email@gmail.com'),
(2, 'GOOGLE_API_KEY', 'AIzaSyD4HWCf317BjvJVnJ6ajQHsLJ8VOQxsr_E'),
(3, 'PEM_FILE', '1488869720.pem'),
(4, 'COMPANY_NAME', 'PT'),
(5, 'COMPANY_DESCRIPTION', 'App & Template'),
(6, 'COMPANY_HOMEPAGE', 'projectemplate.com'),
(7, 'EXCHANGE_RATE', '1'),
(8, 'DEAL_ONLINE_RATE', '1'),
(9, 'PREMIUM_DEAL_ONLINE_RATE', '3'),
(10, 'DRIVER_ONLINE_RATE', '3'),
(11, 'SEARCHING_DEAL_DISTANCE', '5'),
(12, 'SEARCHING_DRIVER_DISTANCE', '10'),
(13, 'EXCHANGE_FEE', '1'),
(14, 'TRANSFER_FEE', '0'),
(15, 'REDEEM_FEE', '0'),
(16, 'TRIP_PAYMENT_FEE', '1'),
(17, 'DEAL_PAYMENT_FEE', '1'),
(18, 'PAGE_FAQ', '<h1 style=\"text-align:center\">FAQs</h1>\r\n\r\n<h4 style=\"text-align:center\">&quot;Neque porro quisquam est qui dolorem ipsum quia dolor sit amet, consectetur, adipisci velit...&quot;</h4>\r\n\r\n<h5 style=\"text-align:center\">&quot;There is no one who loves pain itself, who seeks after it and wants to have it, simply because it is pain...&quot;</h5>\r\n\r\n<p>&nbsp;</p>\r\n\r\n<p><strong>Frequently asked questions</strong>&nbsp;(<strong>FAQ</strong>) or&nbsp;<strong>Questions and Answers</strong>&nbsp;(<strong>Q&amp;A</strong>), are listed questions and answers, all supposed to be commonly asked in some context, and pertaining to a particular topic. The format is commonly used on email mailing lists and other online forums, where certain common questions tend to recur.</p>\r\n\r\n<p>&quot;FAQ&quot; is pronounced as either an&nbsp;<a class=\"mw-redirect\" href=\"https://en.wikipedia.org/wiki/Initialism\" style=\"text-decoration: none; color: rgb(11, 0, 128); background: none;\" title=\"Initialism\">initialism</a>&nbsp;(F-A-Q) or an&nbsp;<a href=\"https://en.wikipedia.org/wiki/Acronym\" style=\"text-decoration: none; color: rgb(11, 0, 128); background: none;\" title=\"Acronym\">acronym</a>. Since the acronym&nbsp;<em>FAQ</em>&nbsp;originated in textual media, its&nbsp;<a href=\"https://en.wikipedia.org/wiki/Pronunciation\" style=\"text-decoration: none; color: rgb(11, 0, 128); background: none;\" title=\"Pronunciation\">pronunciation</a>&nbsp;varies; &quot;F-A-Q&quot;,<sup><a href=\"https://en.wikipedia.org/wiki/FAQ#cite_note-pron-1\" style=\"text-decoration: none; color: rgb(11, 0, 128); background: none;\">[1]</a></sup>&nbsp;is commonly heard. Depending on usage, the term may refer specifically to a single frequently asked question, or to an assembled list of many questions and their answers. Web page designers often label a single list of questions as a &quot;FAQ&quot;, such as on Google.com,<sup><a href=\"https://en.wikipedia.org/wiki/FAQ#cite_note-2\" style=\"text-decoration: none; color: rgb(11, 0, 128); background: none;\">[2]</a></sup>&nbsp;while using &quot;FAQs&quot; to denote multiple lists of questions such as on United States Treasury sites.<sup><a href=\"https://en.wikipedia.org/wiki/FAQ#cite_note-3\" style=\"text-decoration: none; color: rgb(11, 0, 128); background: none;\">[3]</a></sup></p>\r\n'),
(19, 'PAGE_ABOUT', '<h1 style=\"text-align:center\">About us test</h1>\r\n\r\n<h4 style=\"text-align:center\">&quot;Neque porro quisquam est qui dolorem ipsum quia dolor sit amet, consectetur, adipisci velit...&quot;</h4>\r\n\r\n<h5 style=\"text-align:center\">&quot;There is no one who loves pain itself, who seeks after it and wants to have it, simply because it is pain...&quot;</h5>\r\n\r\n<p>&nbsp;</p>\r\n'),
(20, 'PAGE_HELP', '<h1 style=\"text-align:center\">Help</h1>\r\n\r\n<h4 style=\"text-align:center\">&quot;Neque porro quisquam est qui dolorem ipsum quia dolor sit amet, consectetur, adipisci velit...&quot;</h4>\r\n\r\n<h5 style=\"text-align:center\">&quot;There is no one who loves pain itself, who seeks after it and wants to have it, simply because it is pain...&quot;</h5>\r\n\r\n<p>&nbsp;</p>\r\n'),
(21, 'PAGE_TERM', '<h1 style=\"text-align:center\">Term and Condition</h1>\r\n\r\n<h4 style=\"text-align:center\">&quot;Neque porro quisquam est qui dolorem ipsum quia dolor sit amet, consectetur, adipisci velit...&quot;</h4>\r\n\r\n<h5 style=\"text-align:center\">&quot;There is no one who loves pain itself, who seeks after it and wants to have it, simply because it is pain...&quot;</h5>\r\n\r\n<hr />\r\n<div id=\"Content\" style=\"margin: 0px; padding: 0px; position: relative; color: rgb(0, 0, 0); font-family: &quot;Open Sans&quot;, Arial, sans-serif; font-size: 14px; text-align: center;\">\r\n<div class=\"boxed\" style=\"margin: 10px 28.7969px; padding: 0px; clear: both;\">\r\n<div id=\"lipsum\" style=\"margin: 0px; padding: 0px; text-align: justify;\">\r\n<p>Lorem ipsum dolor sit amet, consectetur adipiscing elit. Phasellus accumsan sapien ut dolor blandit, vitae volutpat lectus egestas. Duis interdum tortor eget ultrices ultricies. Pellentesque habitant morbi tristique senectus et netus et malesuada fames ac turpis egestas. Nam placerat molestie diam eu placerat. Vestibulum ac libero metus. Proin eget congue eros. Sed non sollicitudin ante. Ut vehicula consectetur turpis, at pretium augue viverra id. Curabitur elementum metus sed nibh malesuada, dapibus molestie metus aliquam. Morbi eleifend quis turpis posuere finibus. Nullam aliquam nisl et sollicitudin porta. Nullam eu bibendum nulla. Ut scelerisque tristique mauris in malesuada. Aliquam erat volutpat.</p>\r\n</div>\r\n</div>\r\n</div>\r\n');

-- --------------------------------------------------------

--
-- Cấu trúc bảng cho bảng `source`
--

CREATE TABLE `source` (
  `id` int(11) NOT NULL,
  `name` varchar(255) NOT NULL,
  `created_at` datetime DEFAULT NULL,
  `modified_at` datetime DEFAULT NULL
) ENGINE=InnoDB DEFAULT CHARSET=utf8;

--
-- Đang đổ dữ liệu cho bảng `source`
--

INSERT INTO `source` (`id`, `name`, `created_at`, `modified_at`) VALUES
(1, 'Stream', '2020-03-22 21:24:53', NULL),
(2, 'M3U8', '2020-03-22 21:25:06', NULL),
(5, 'Youtube', '2020-03-22 21:25:13', NULL),
(8, 'Webview', '2020-03-22 21:25:24', NULL),
(10, 'Mp4', '2020-03-22 21:27:20', NULL),
(19, 'Google Drive', '2020-03-22 21:27:12', NULL);

-- --------------------------------------------------------

--
-- Cấu trúc bảng cho bảng `studio`
--

CREATE TABLE `studio` (
  `id` int(11) NOT NULL,
  `name` varchar(255) NOT NULL,
  `created_at` datetime DEFAULT NULL,
  `modified_at` datetime DEFAULT NULL
) ENGINE=InnoDB DEFAULT CHARSET=utf8;

--
-- Đang đổ dữ liệu cho bảng `studio`
--

INSERT INTO `studio` (`id`, `name`, `created_at`, `modified_at`) VALUES
(1, 'Marvel', NULL, NULL),
(2, 'abc', NULL, NULL);

--
-- Chỉ mục cho các bảng đã đổ
--

--
-- Chỉ mục cho bảng `application`
--
ALTER TABLE `application`
  ADD PRIMARY KEY (`id`);

--
-- Chỉ mục cho bảng `app_notification`
--
ALTER TABLE `app_notification`
  ADD PRIMARY KEY (`id`);

--
-- Chỉ mục cho bảng `app_user_device`
--
ALTER TABLE `app_user_device`
  ADD PRIMARY KEY (`id`);

--
-- Chỉ mục cho bảng `genre`
--
ALTER TABLE `genre`
  ADD PRIMARY KEY (`id`);

--
-- Chỉ mục cho bảng `migration`
--
ALTER TABLE `migration`
  ADD PRIMARY KEY (`version`);

--
-- Chỉ mục cho bảng `movie`
--
ALTER TABLE `movie`
  ADD PRIMARY KEY (`id`);

--
-- Chỉ mục cho bảng `movie_genre`
--
ALTER TABLE `movie_genre`
  ADD PRIMARY KEY (`id`);

--
-- Chỉ mục cho bảng `movie_people`
--
ALTER TABLE `movie_people`
  ADD PRIMARY KEY (`id`);

--
-- Chỉ mục cho bảng `movie_studio`
--
ALTER TABLE `movie_studio`
  ADD PRIMARY KEY (`id`);

--
-- Chỉ mục cho bảng `people`
--
ALTER TABLE `people`
  ADD PRIMARY KEY (`id`);

--
-- Chỉ mục cho bảng `role`
--
ALTER TABLE `role`
  ADD PRIMARY KEY (`id`);

--
-- Chỉ mục cho bảng `service`
--
ALTER TABLE `service`
  ADD PRIMARY KEY (`id`);

--
-- Chỉ mục cho bảng `setting`
--
ALTER TABLE `setting`
  ADD PRIMARY KEY (`id`);

--
-- Chỉ mục cho bảng `source`
--
ALTER TABLE `source`
  ADD PRIMARY KEY (`id`);

--
-- Chỉ mục cho bảng `studio`
--
ALTER TABLE `studio`
  ADD PRIMARY KEY (`id`);

--
-- AUTO_INCREMENT cho các bảng đã đổ
--

--
-- AUTO_INCREMENT cho bảng `application`
--
ALTER TABLE `application`
  MODIFY `id` int(11) NOT NULL AUTO_INCREMENT;

--
-- AUTO_INCREMENT cho bảng `app_notification`
--
ALTER TABLE `app_notification`
  MODIFY `id` bigint(20) NOT NULL AUTO_INCREMENT, AUTO_INCREMENT=13;

--
-- AUTO_INCREMENT cho bảng `app_user_device`
--
ALTER TABLE `app_user_device`
  MODIFY `id` int(11) NOT NULL AUTO_INCREMENT, AUTO_INCREMENT=77;

--
-- AUTO_INCREMENT cho bảng `genre`
--
ALTER TABLE `genre`
  MODIFY `id` int(11) NOT NULL AUTO_INCREMENT, AUTO_INCREMENT=16;

--
-- AUTO_INCREMENT cho bảng `movie`
--
ALTER TABLE `movie`
  MODIFY `id` int(11) NOT NULL AUTO_INCREMENT, AUTO_INCREMENT=70;

--
-- AUTO_INCREMENT cho bảng `movie_genre`
--
ALTER TABLE `movie_genre`
  MODIFY `id` int(11) NOT NULL AUTO_INCREMENT, AUTO_INCREMENT=275;

--
-- AUTO_INCREMENT cho bảng `movie_people`
--
ALTER TABLE `movie_people`
  MODIFY `id` int(11) NOT NULL AUTO_INCREMENT, AUTO_INCREMENT=187;

--
-- AUTO_INCREMENT cho bảng `movie_studio`
--
ALTER TABLE `movie_studio`
  MODIFY `id` int(11) NOT NULL AUTO_INCREMENT, AUTO_INCREMENT=235;

--
-- AUTO_INCREMENT cho bảng `people`
--
ALTER TABLE `people`
  MODIFY `id` int(11) NOT NULL AUTO_INCREMENT, AUTO_INCREMENT=9;

--
-- AUTO_INCREMENT cho bảng `role`
--
ALTER TABLE `role`
  MODIFY `id` int(11) NOT NULL AUTO_INCREMENT, AUTO_INCREMENT=3;

--
-- AUTO_INCREMENT cho bảng `service`
--
ALTER TABLE `service`
  MODIFY `id` int(11) NOT NULL AUTO_INCREMENT, AUTO_INCREMENT=5;

--
-- AUTO_INCREMENT cho bảng `setting`
--
ALTER TABLE `setting`
  MODIFY `id` int(11) NOT NULL AUTO_INCREMENT, AUTO_INCREMENT=22;

--
-- AUTO_INCREMENT cho bảng `source`
--
ALTER TABLE `source`
  MODIFY `id` int(11) NOT NULL AUTO_INCREMENT, AUTO_INCREMENT=29;

--
-- AUTO_INCREMENT cho bảng `studio`
--
ALTER TABLE `studio`
  MODIFY `id` int(11) NOT NULL AUTO_INCREMENT, AUTO_INCREMENT=3;
COMMIT;

